{"id":145,"date":"2025-03-20T18:50:27","date_gmt":"2025-03-20T18:50:27","guid":{"rendered":"https:\/\/herdemlaw.com\/?page_id=145"},"modified":"2025-03-23T02:41:15","modified_gmt":"2025-03-23T02:41:15","slug":"community","status":"publish","type":"page","link":"https:\/\/herdemlaw.com\/tr-tr\/community\/","title":{"rendered":"Topluluk"},"content":{"rendered":"<div class=\"gb-element-06063f1e\">\n<div class=\"gb-element-dd21541f\">\n<h2 class=\"gb-text gb-text-84e7947b\">\u00d6\u011frenciler, sanat gruplar\u0131, giri\u015fimciler, profesyoneller,<\/h2>\n\n\n\n<p class=\"gb-text gb-text-342d4f73\">d\u00fc\u015f\u00fcnce kurulu\u015flar\u0131 ve STK'lardan olu\u015fan hukuki, ticari ve sosyal topluluklar i\u00e7in \u00e7e\u015fitlendirilmi\u015f programlar olu\u015fturmaktay\u0131z.<\/p>\n<\/div>\n\n\n\n<div class=\"gb-element-dd54150c\">\n<div class=\"gb-element-05df94cb imgBars\">\n<img loading=\"lazy\" decoding=\"async\" width=\"239\" height=\"190\" class=\"gb-media-e567d6eb\" src=\"https:\/\/herdemlaw.com\/wp-content\/uploads\/2025\/03\/community1.webp\" title=\"community1\"\/>\n<\/div>\n\n\n\n<div>\n<h2 class=\"gb-text gb-text-b8aaa7cb\">Sosyal Topluluk<\/h2>\n\n\n\n<p class=\"gb-text gb-text-fcf15b38\">Tiyatro bulu\u015fmalar\u0131, m\u00fcze ziyaretleri, hukuk \u00e7evreleriyle partiler gibi sosyal etkinlikler d\u00fczenliyor ve her y\u0131l aral\u0131k ay\u0131n\u0131n son haftas\u0131nda geleneksel ve \u00e7ok pop\u00fcler olan yeni y\u0131l partimizi yap\u0131yoruz.<\/p>\n<\/div>\n<\/div>\n\n\n\n<div class=\"gb-element-e323c944\">\n<div class=\"gb-element-17adda6a\">\n<div class=\"gb-element-e03923ae\">\n<h2 class=\"gb-text gb-text-9de0de21\">\u0130\u015f D\u00fcnyas\u0131 Toplulu\u011fu<\/h2>\n\n\n\n<p class=\"gb-text gb-text-7ca1dba7\">HERDEM, T\u00fcrkiye'de ve yurt d\u0131\u015f\u0131nda i\u015f d\u00fcnyas\u0131 temsilcilerine y\u00f6nelik sekt\u00f6rel e\u011fitim programlar\u0131, konferanslar ve a\u00e7\u0131k oturumlar d\u00fczenlemektedir. Bu organizasyonlar\u0131n amac\u0131, i\u015f \u00e7evreleriyle etkile\u015fime ge\u00e7mek ve i\u015fletmeler genelinde bilgi ve anlay\u0131\u015f\u0131 birle\u015ftirme f\u0131rsat\u0131na sahip olmakt\u0131r.<\/p>\n<\/div>\n\n\n\n<div class=\"gb-element-464687d6 imgBars\">\n<img loading=\"lazy\" decoding=\"async\" width=\"239\" height=\"190\" class=\"gb-media-0abdb42e\" src=\"https:\/\/herdemlaw.com\/wp-content\/uploads\/2025\/03\/community2.webp\" title=\"community2\"\/>\n<\/div>\n<\/div>\n<\/div>\n\n\n\n<div class=\"gb-element-6cf87d8f\">\n<div class=\"gb-element-15e9a953 imgBars\">\n<img loading=\"lazy\" decoding=\"async\" width=\"239\" height=\"190\" class=\"gb-media-4223b47a\" src=\"https:\/\/herdemlaw.com\/wp-content\/uploads\/2025\/03\/community3.webp\" title=\"community3\"\/>\n<\/div>\n\n\n\n<div>\n<h2 class=\"gb-text gb-text-df7647e2\">Hukuki Topluluk<\/h2>\n\n\n\n<p class=\"gb-text gb-text-92e2111b\">HERDEM'in hukuki ba\u011flant\u0131lar\u0131 s\u0131n\u0131rlar\u0131n \u00f6tesindedir. Farkl\u0131 hukuk dallar\u0131nda faaliyet g\u00f6steren kurumlar\u0131n ba\u015fhukuk m\u00fc\u015favirleri ve vekilleri i\u00e7in toplant\u0131lar, seminerler, \u00e7al\u0131\u015ftaylar d\u00fczenlemekteyiz. Yurt d\u0131\u015f\u0131ndaki yabanc\u0131 meslekta\u015flar\u0131m\u0131zla da bu t\u00fcr toplant\u0131lar\u0131 organize etmekteyiz. Uluslararas\u0131 hukuk uygulamalar\u0131n\u0131n bir par\u00e7as\u0131 olarak, avukatlar\u0131m\u0131z d\u00fczenli aral\u0131klarla uluslararas\u0131 hukuk konferanslar\u0131na kat\u0131lmakta ve konu\u015fmalar yapmaktad\u0131r. Bu mesleki toplant\u0131lar d\u0131\u015f\u0131nda, kamp\u00fcs i\u00e7i veya ofis toplant\u0131lar\u0131 ile gelece\u011fin hukuk\u00e7ular\u0131 ile bir araya gelerek avukatl\u0131k ve hukuk e\u011fitimi \u00fczerine tart\u0131\u015fma f\u0131rsat\u0131n\u0131 da sunmaktay\u0131z.<br><br>Apart from these professional meetings, we also gather with future lawyers and give chance to discuss on lawyering and legal education through in-campus or office meetings.<\/p>\n<\/div>\n<\/div>\n<\/div>","protected":false},"excerpt":{"rendered":"<p>We have established diversified programs for legal, business and the social communities comprised of students, art groups, entrepreneurs, professionals, think &#8230; <a title=\"Topluluk\" class=\"read-more\" href=\"https:\/\/herdemlaw.com\/tr-tr\/community\/\" aria-label=\"Read more about Community\">Read more<\/a><\/p>","protected":false},"author":1,"featured_media":0,"parent":0,"menu_order":0,"comment_status":"closed","ping_status":"closed","template":"","meta":{"footnotes":""},"class_list":["post-145","page","type-page","status-publish"],"aioseo_notices":[],"_links":{"self":[{"href":"https:\/\/herdemlaw.com\/tr-tr\/wp-json\/wp\/v2\/pages\/145","targetHints":{"allow":["GET"]}}],"collection":[{"href":"https:\/\/herdemlaw.com\/tr-tr\/wp-json\/wp\/v2\/pages"}],"about":[{"href":"https:\/\/herdemlaw.com\/tr-tr\/wp-json\/wp\/v2\/types\/page"}],"author":[{"embeddable":true,"href":"https:\/\/herdemlaw.com\/tr-tr\/wp-json\/wp\/v2\/users\/1"}],"replies":[{"embeddable":true,"href":"https:\/\/herdemlaw.com\/tr-tr\/wp-json\/wp\/v2\/comments?post=145"}],"version-history":[{"count":33,"href":"https:\/\/herdemlaw.com\/tr-tr\/wp-json\/wp\/v2\/pages\/145\/revisions"}],"predecessor-version":[{"id":815,"href":"https:\/\/herdemlaw.com\/tr-tr\/wp-json\/wp\/v2\/pages\/145\/revisions\/815"}],"wp:attachment":[{"href":"https:\/\/herdemlaw.com\/tr-tr\/wp-json\/wp\/v2\/media?parent=145"}],"curies":[{"name":"wp","href":"https:\/\/api.w.org\/{rel}","templated":true}]}}

<div class="gb-element-06063f1e">
<div class="gb-element-dd21541f">
<h2 class="gb-text gb-text-84e7947b">Öğrenciler, sanat grupları, girişimciler, profesyoneller,</h2>



<p class="gb-text gb-text-342d4f73">düşünce kuruluşları ve STK'lardan oluşan hukuki, ticari ve sosyal topluluklar için çeşitlendirilmiş programlar oluşturmaktayız.</p>
</div>



<div class="gb-element-dd54150c">
<div class="gb-element-05df94cb imgBars">
<img loading="lazy" decoding="async" width="239" height="190" class="gb-media-e567d6eb" src="https://herdemlaw.com/wp-content/uploads/2025/03/community1.webp" title="community1"/>
</div>



<div>
<h2 class="gb-text gb-text-b8aaa7cb">Sosyal Topluluk</h2>



<p class="gb-text gb-text-fcf15b38">Tiyatro buluşmaları, müze ziyaretleri, hukuk çevreleriyle partiler gibi sosyal etkinlikler düzenliyor ve her yıl aralık ayının son haftasında geleneksel ve çok popüler olan yeni yıl partimizi yapıyoruz.</p>
</div>
</div>



<div class="gb-element-e323c944">
<div class="gb-element-17adda6a">
<div class="gb-element-e03923ae">
<h2 class="gb-text gb-text-9de0de21">İş Dünyası Topluluğu</h2>



<p class="gb-text gb-text-7ca1dba7">HERDEM, Türkiye'de ve yurt dışında iş dünyası temsilcilerine yönelik sektörel eğitim programları, konferanslar ve açık oturumlar düzenlemektedir. Bu organizasyonların amacı, iş çevreleriyle etkileşime geçmek ve işletmeler genelinde bilgi ve anlayışı birleştirme fırsatına sahip olmaktır.</p>
</div>



<div class="gb-element-464687d6 imgBars">
<img loading="lazy" decoding="async" width="239" height="190" class="gb-media-0abdb42e" src="https://herdemlaw.com/wp-content/uploads/2025/03/community2.webp" title="community2"/>
</div>
</div>
</div>



<div class="gb-element-6cf87d8f">
<div class="gb-element-15e9a953 imgBars">
<img loading="lazy" decoding="async" width="239" height="190" class="gb-media-4223b47a" src="https://herdemlaw.com/wp-content/uploads/2025/03/community3.webp" title="community3"/>
</div>



<div>
<h2 class="gb-text gb-text-df7647e2">Hukuki Topluluk</h2>



<p class="gb-text gb-text-92e2111b">HERDEM'in hukuki bağlantıları sınırların ötesindedir. Farklı hukuk dallarında faaliyet gösteren kurumların başhukuk müşavirleri ve vekilleri için toplantılar, seminerler, çalıştaylar düzenlemekteyiz. Yurt dışındaki yabancı meslektaşlarımızla da bu tür toplantıları organize etmekteyiz. Uluslararası hukuk uygulamalarının bir parçası olarak, avukatlarımız düzenli aralıklarla uluslararası hukuk konferanslarına katılmakta ve konuşmalar yapmaktadır. Bu mesleki toplantılar dışında, kampüs içi veya ofis toplantıları ile geleceğin hukukçuları ile bir araya gelerek avukatlık ve hukuk eğitimi üzerine tartışma fırsatını da sunmaktayız.<br><br>Apart from these professional meetings, we also gather with future lawyers and give chance to discuss on lawyering and legal education through in-campus or office meetings.</p>
</div>
</div>
</div>
